{"id":20298,"date":"2025-01-22T21:16:55","date_gmt":"2025-01-22T21:16:55","guid":{"rendered":"https:\/\/www2.umaps.hn\/?page_id=20298"},"modified":"2025-01-22T21:34:38","modified_gmt":"2025-01-22T21:34:38","slug":"secretaria","status":"publish","type":"page","link":"https:\/\/www2.umaps.hn\/?page_id=20298","title":{"rendered":"Secretaria"},"content":{"rendered":"\t\t<div data-elementor-type=\"wp-page\" data-elementor-id=\"20298\" class=\"elementor elementor-20298\">\n\t\t\t\t<div class=\"elementor-element elementor-element-8414d29 e-flex e-con-boxed e-con e-parent\" data-id=\"8414d29\" data-element_type=\"container\">\n\t\t\t\t\t<div class=\"e-con-inner\">\n\t\t\t\t<div class=\"elementor-element elementor-element-38c15c5 kurigram-star-rating--align-center elementor-widget elementor-widget-witr_section_title\" data-id=\"38c15c5\" data-element_type=\"widget\" data-widget_type=\"witr_section_title.default\">\n\t\t\t\t<div class=\"elementor-widget-container\">\n\t\t\t\t\t\t\t\t\t\t<!-- title center -->\n\t\t\t\t\t<div class=\"witr_section_title\">\n\t\t\t\t\t\t<div class=\"witr_section_title_inner text-center\">\n\t\t\t\t\t\t\n\t\t\t\t\t\t\t<!--<div class=\"witr_title_lines\"><span class=\"witr_line_shaps\"><span class=\"witr_shape_dv\">Divider <i aria-hidden=\"true\" class=\"fas fa-star\"><\/i><\/span><\/span><\/div>-->\n\t\t\t\t\t\t\t<!-- icon position -->\n\t\t\t\t\t\t\t\t\n\t\t\t\t\t\t\t<!-- end icon position -->\n\t\t\t\t\t\t\t\n\t\t\t\t\t\t\n\t\t\t\t\t\t\t<!-- title top -->\n\t\t\t\t\t\t\t\t\t\t\t\t\t\t\t<h2>UMAPS<\/h2>\t\t\n\t\t\t\t\t\t\t\n\n\t\t\t\t\t\t\t<!-- icon position -->\n\t\t\t\t\t\t\t\t\n\t\t\t\t\t\t\t<!-- end icon position -->\n\n\n\t\t\t\t\t\t\t\n\t\t\t\t\t\t\t<!-- title middle -->\n\t\t\t\t\t\t\t\t\t\t\t\t\t\t\t<h3>SECRETARIA GENERAL<\/h3>\t\t\n\t\t\t\t\t\t\t\t\t\t\t\t\t\t<!-- title bottom -->\n\t\t\t\t\t\t\t\n\t\t\t\t\t\t\t\n\t\t\t\t\t\t\t\n\t\t\t\t\t\t\t\t\t\t\t\t\t\t\n\t\t\t\t\t\t\t<!-- image -->\n\t\t\t\t\t\t\t\t\t\t\t\t\t\t<!-- icon -->\n\t\t\t\t\t\t\t\t\t\t\t\t\t\t\n\t\t\t\t\t\t\t<!-- bar -->\n\t\t\t\t\t\t\t\t\t\t\t\t\t\t<!-- circle bar -->\n\t\t\t\t\t\t\t\t\t\t\t\t\t\t\n\t\t\t\t\t\t\t\t\n\t\t\t\t\t\t\t\n\n\t\t\t\t\t\t\t\n\t\t\t\t\t\t\t<!-- content -->\n\t\t\t\t\t\t\t\t\t\t\t\t\t\t\t<p>Para m\u00e1s Informaci\u00f3n <br> Tel: 2227-7670\nsecretariaumaps@gmail.com <\/p>\t\t\n\t\t\t\t\t\t\t\t\t\t\t\t\t\t\n\t\t\t\t\t\t<\/div>\n\t\t\t\t\t\t\t<!-- inner title -->\n\t\t\t\t\t\t\t\t\t\t\t\t\t\n\t\t\t\t\t<\/div>\n\n\t\t\t\t\t\t\t\t<\/div>\n\t\t\t\t<\/div>\n\t\t\t\t\t<\/div>\n\t\t\t\t<\/div>\n\t\t<div class=\"elementor-element elementor-element-7c37c1a e-flex e-con-boxed e-con e-parent\" data-id=\"7c37c1a\" data-element_type=\"container\">\n\t\t\t\t\t<div class=\"e-con-inner\">\n\t\t\t\t<div class=\"elementor-element elementor-element-9e88969 elementor-widget elementor-widget-witr_ac_cl\" data-id=\"9e88969\" data-element_type=\"widget\" data-widget_type=\"witr_ac_cl.default\">\n\t\t\t\t<div class=\"elementor-widget-container\">\n\t\t\t\t\t                <div class=\"accordion_area\">\n                    <div class=\"faq-part\">\n                        <div id=\"accordion\">\n\t\t\t\t\t\t\t\t\t\t\t\t\t\t\t<div class=\"card card-2  \">\n\t\t\t\t\t\t\t\t\t<div class=\"card-header witr_ac_card\">\n\t\t\t\t\t\t\t\t\t\t<a href=\"#\" class=\"card-link witr_ac_style\" data-toggle=\"collapse\" data-target=\"#collapse_d6ff6fc\" aria-expanded=\"true\">\n\t\t\t\t\t\t\t\t\t\t\t\t<!-- icon -->\n\t\t\t\t\t\t\t\t\t\t\t\t<i aria-hidden=\"true\" class=\"fas fa-check\"><\/i>\t\t\t\t\t\n\t\t\t\t\t\t\t\t\t\t\t\t<!-- end icon -->\n\t\t\t\t\t\t\t\t\t\t   DOCUMENTACION REQUERIDA EN LA SOLICITUD DE RECEPCION DE OBRAS Y SISTEMAS\t\t\t\t\t\t\t\t\t\t<\/a>\n\t\t\t\t\t\t\t\t\t<\/div>\n\n\t\t\t\t\t\t\t\t\t<div id=\"collapse_d6ff6fc\" class=\"collapse    \" data-parent=\"#accordion\">\n                                        <ol type=\"1\"><li>Solicitud dirigida al GERENTE GENERAL de la unidad municipal de agua potable y saneamiento (UMAPS) .<br \/>Este tramite debe de ser realizado por un ABOGADO seg\u00fan la ley de procedimiento administrativo.<\/li><li>Carta poder o poder de representaci\u00f3n en Escritura publica<\/li><li>Copia de DNI del representante de la sociedad mercantil encargada del proyecto<\/li><li>Copia del carnet del Colegiaci\u00f3n del apoderado legal<\/li><li>Entregar un original y tres copias de los planos finales de construcci\u00f3n de los sistemas de agua potable, alcantarillado<br \/>sanitario, pluvial y otras obras incorporando en estos todos los cambios efectuados durante la construcci\u00f3n, adem\u00e1s debe \u00a0\u00a0\u00a0proporcionar esta informaci\u00f3n en el formato de autoCAD y presentada de manera digital en un CD.<\/li><li>Entregar las libretas topogr\u00e1ficas de cada uno de los sistemas construidos, debidamente empastados e individuales por sistema.<\/li><li>Entregar constancia de solvencia extendida por el departamento de recuperaciones de la UMPAS<\/li><li>Entregar la bit\u00e1cora del proyecto (Recepci\u00f3n Final), con el visto bueno de las obras construidas por parte del ingeniero supervisor<\/li><li>Entregar la garant\u00eda de mantenimiento y calidad de obra, por el 10% del monto del presupuesto de los sistemas de agua potable y \u00a0 \u00a0alcantarillado del proyecto, la misma tendr\u00e1 una vigencia m\u00ednima de dos (2) a\u00f1os (Recepci\u00f3n Final).<\/li><li>Pago de L. 200.00 para certificaci\u00f3n al momento de la resoluci\u00f3n.<\/li><\/ol><b>NOTAS<\/b><ol><li>- TODA COPIA DEBE DE SER DEBIDAMENTE AUTENICA POR NOTARIO O PRESENTAR SUS ORIGINALES PARA SER COTEJADOS.<\/li><li><b>Revisar REGLAMENTO PARA REGULAR EL USO DE LOS SISTEMAS DE AGUA POTABLE, ALCANTARILLADO SANITARIO Y PLUVIAL, PARA URBANIZACIONES, FRACCIONAMIENTOS Y EDIFICIOS EN EL DISTRITO CENTRAL<\/b><\/li><\/ol>\t\t\t\t\t\t\t\t\t\t\n\t\t\t\t\t\t\t\t\t<\/div>\n\t\t\t\t\t\t\t\t<\/div> <!-- card -->\t\n\t\t\t\t\t\t\t\t\t\t\t\t\t\t\t<div class=\"card card-2  \">\n\t\t\t\t\t\t\t\t\t<div class=\"card-header witr_ac_card\">\n\t\t\t\t\t\t\t\t\t\t<a href=\"#\" class=\"card-link witr_ac_style\" data-toggle=\"collapse\" data-target=\"#collapse_febb396\" aria-expanded=\"true\">\n\t\t\t\t\t\t\t\t\t\t\t\t<!-- icon -->\n\t\t\t\t\t\t\t\t\t\t\t\t<i aria-hidden=\"true\" class=\"fas fa-check\"><\/i>\t\t\t\t\t\n\t\t\t\t\t\t\t\t\t\t\t\t<!-- end icon -->\n\t\t\t\t\t\t\t\t\t\t   DOCUMENTACION REQUERIDA EN LA SOLICITUD DE APROBACION DE LOS DISE\u00d1OS\t\t\t\t\t\t\t\t\t\t<\/a>\n\t\t\t\t\t\t\t\t\t<\/div>\n\n\t\t\t\t\t\t\t\t\t<div id=\"collapse_febb396\" class=\"collapse    \" data-parent=\"#accordion\">\n                                        <ol type=\"1\"><li>Solicitud dirigida al GERENTE GENERAL de la Unidad Municipal de Agua Potable y Saneamiento (UMAPS). Este tr\u00e1mite debe de ser realizado por un ABOGADO seg\u00fan la Ley de Procedimiento Administrativo<\/li><li>Copia del Dictamen favorable de Factibilidad de Servicios.<\/li><li>Tres (3) Ejemplares de Planos de los dise\u00f1os de las obras hidr\u00e1ulicas, preparados de conformidad con las normas y especificaciones para Dise\u00f1o y Construcci\u00f3n de Sistemas de agua potable y alcantarillado de urbanizaciones, fraccionamientos y edificios, debidamente firmados y timbrados.<\/li><li>Tres (3) Ejemplares Memoria T\u00e9cnica-Descriptiva, conteniendo los c\u00e1lculos de los tres sistemas, de conformidad a las normas de Dise\u00f1o y Construcci\u00f3n de Urbanizaciones, fraccionamientos y edificios. En el caso de proyectos con m\u00e1s de 1000 lotes, se deben presentar los dise\u00f1os por el total de etapas que se construir\u00e1n y un plan de ejecuci\u00f3n.<\/li><li>Copia de DNI del propietario del inmueble<\/li><li>Copia de DNI del representante del proyecto o representante de la sociedad mercantil.<\/li><li>RTN de la empresa y el due\u00f1o.<\/li><li>Solvencia del Colegio Profesional al que pertenece el representante (ingeniero (a) o arquitecto (a)).<\/li><li>Copia de la escritura de propiedad y Constituci\u00f3n de empresa (debidamente registradas ante el registro de la Propiedad)<\/li><li>Solvencia del UMAPS emitida por el Departamento de Recuperaciones y Cobranzas, de que el propietario y representantes no tienen deuda pendiente con la instituci\u00f3n, ni el lote objeto de la solicitud tenga saldo pendiente con esta instituci\u00f3n (L. 239.00)<\/li><\/ol><p>\u00a0<\/p><b>NOTAS<\/b><ol><li>- TODA COPIA DEBE DE SER DEBIDAMENTE AUTENICA POR NOTARIO O PRESENTAR SUS ORIGINALES PARA SER COTEJADOS.<\/li><li><b>Revisar REGLAMENTO PARA REGULAR EL USO DE LOS SISTEMAS DE AGUA POTABLE, ALCANTARILLADO SANITARIO Y PLUVIAL, PARA URBANIZACIONES, FRACCIONAMIENTOS Y EDIFICIOS EN EL DISTRITO CENTRAL<\/b><\/li><\/ol>\t\t\t\t\t\t\t\t\t\t\n\t\t\t\t\t\t\t\t\t<\/div>\n\t\t\t\t\t\t\t\t<\/div> <!-- card -->\t\n\t\t\t\t\t\t\t\t\t\t\t\t\t\t\t<div class=\"card card-2  \">\n\t\t\t\t\t\t\t\t\t<div class=\"card-header witr_ac_card\">\n\t\t\t\t\t\t\t\t\t\t<a href=\"#\" class=\"card-link witr_ac_style\" data-toggle=\"collapse\" data-target=\"#collapse_1532607\" aria-expanded=\"true\">\n\t\t\t\t\t\t\t\t\t\t\t\t<!-- icon -->\n\t\t\t\t\t\t\t\t\t\t\t\t<i aria-hidden=\"true\" class=\"fas fa-check\"><\/i>\t\t\t\t\t\n\t\t\t\t\t\t\t\t\t\t\t\t<!-- end icon -->\n\t\t\t\t\t\t\t\t\t\t   FACTIBILIDAD DE SERVICIOS DE AGUA POTABLE Y SANEAMIENTO\t\t\t\t\t\t\t\t\t\t<\/a>\n\t\t\t\t\t\t\t\t\t<\/div>\n\n\t\t\t\t\t\t\t\t\t<div id=\"collapse_1532607\" class=\"collapse    \" data-parent=\"#accordion\">\n                                        <p>La solicitud en tr\u00e1mite es exclusiva para urbanizaciones locales comerciales, edificios de oficinas, multifamiliares (edificios de apartamentos), talleres bodegas, estacionamientos etc. Este tipo de tramite debe ser efectuado por abogado, de acuerdo a la ley de procedimiento administrativo. Acreditar la siguiente informaci\u00f3n y documentaci\u00f3n:<\/p><ol type=\"1\"><li>\u00a0Solicitud dirigida al GERENTE GENERAL DE UMAPS, cumplimiento con las formalidades de la ley de procedimiento administrativo.<\/li><li>Generales y informaci\u00f3n del contacto del apoderado legal, del propietario y\/o del inquilino del inmueble.<\/li><li>Detallar el nombre del proyecto, direcci\u00f3n exacta y la edificaci\u00f3n a construir. En caso de los edificios, describir el uso de cada nivel<\/li><li>Carta poder o poder de presentaci\u00f3n en escritura p\u00fablica.<\/li><li>Copia de DNI del propietario inmueble.<\/li><li>Copia del carnet de la colegiaci\u00f3n del apoderado legal.<\/li><li>Copia de la constituci\u00f3n de la empresa (Debidamente inscrita ante el registro mercantil).<\/li><li>Copia de la escritura de propiedad del bien inmueble (debidamente registradas ante el registro de la propiedad).<\/li><li>Copia del RTN de la empresa<\/li><li>Copia del RTN del propietario del inmueble.<\/li><li>Aval\u00fao catastral de bienes inmuebles, otorgado para la AMDC (En el estado de cuenta de bienes inmuebles).<\/li><li>Constancia de Zonificaci\u00f3n (compatibilidad), otorgado para para la AMDC.<\/li><li>Croquis de ubicaci\u00f3n, que incluya colindancia con punto de referencia v\u00eda GOOGLE MAPS o GOOGLE EARTH.<\/li><li>Copia de <strong>planos constructivos e hidrosanitarios,\u00a0<\/strong>debidamente timbrado, firmado y sellado (Ante proyecto, en caso de urbanizaciones) Una vez visto y analizado se presentara la propuesta final al momento de revisi\u00f3n y aprobaci\u00f3n de los dise\u00f1os (En caso de urbanizaciones y\/o en los lugares que no existe los servicios de UMAPS. (Clave catastral, croquis de ubicaci\u00f3n, DNI o RTN del propietario y pago de L.239).<\/li><li>Solvencia del colegio profesional del ingeniero (a) o arquitecto (a) que elaboro los planos del dise\u00f1o.<\/li><li>Solvencia de UMAPS ante el departamento de recuperaciones, de que el propietario y representantes no tenga deuda pendiente con la UMAPS.<\/li><li>Pago de derecho al dictamen de factibilidad:<\/li><\/ol><table border=\"2\"><tbody><tr><th>\u00a0\u00a0 NUMEROS DE LOTES<\/th><th>\u00a0\u00a0 CANTIDAD A PAGAR<\/th><\/tr><tr><td>\u00a0 1 a 50 lotes<\/td><td>\u00a0 L.750.00<\/td><\/tr><tr><td>\u00a0 51 a 200 lotes<\/td><td>\u00a0 L.1,000.00<\/td><\/tr><tr><td>\u00a0 201 a 500 lotes<\/td><td>\u00a0 L.1,500.00<\/td><\/tr><tr><td>\u00a0 501 a 1000 lotes<\/td><td>\u00a0 L.2,000,00<\/td><\/tr><tr><td>\u00a0 1001 en adelante<\/td><td>\u00a0 L.2,500.00<\/td><\/tr><\/tbody><\/table><p>18. Presupuesto actualizado, timbrado y desglosado por actividad (Este deber\u00e1 de ser el mismo que se presentar\u00e1 en la AMDC.<\/p><p>19. Informe de evaluaci\u00f3n de riesgos, emitido por la dependencia respectiva de la alcaldia municipal del distrito central.<\/p><p>20. Contrato de arrendamiento debiidamente registrado ante la DAI (En caso en que el peticinario sea inquilino).<\/p><p>21. Pago de L.200.00 para certificaci\u00f3n al momento de la resoluci\u00f3n.<\/p><strong>IMPORTANTE<\/strong><p>* Toda copia debe de set debidamente autentica o presentar las originales para hacer cortejados.<br \/>* No se aceptar\u00e1n solicitiudes incompletas<br \/>* PRESENTAR UNA COPIA SIMPLE DE LA TOTALIDAD DEL EXPEDIENTE TANTO EN FISICO COMO EN DIGITAL al correo: secretariaumaps@gmail.com o en dispositivo de almacenamiento (USB O CD).<\/p>\t\t\t\t\t\t\t\t\t\t\n\t\t\t\t\t\t\t\t\t<\/div>\n\t\t\t\t\t\t\t\t<\/div> <!-- card -->\t\n\t\t\t\t\t\t\t\t\t\t\t\t\t\t\t<div class=\"card card-2  \">\n\t\t\t\t\t\t\t\t\t<div class=\"card-header witr_ac_card\">\n\t\t\t\t\t\t\t\t\t\t<a href=\"#\" class=\"card-link witr_ac_style\" data-toggle=\"collapse\" data-target=\"#collapse_1912966\" aria-expanded=\"true\">\n\t\t\t\t\t\t\t\t\t\t\t\t<!-- icon -->\n\t\t\t\t\t\t\t\t\t\t\t\t<i aria-hidden=\"true\" class=\"fas fa-check\"><\/i>\t\t\t\t\t\n\t\t\t\t\t\t\t\t\t\t\t\t<!-- end icon -->\n\t\t\t\t\t\t\t\t\t\t   DOCUMENTACION REQUERIDA EN LA SOLICITUD DE TRANSPASO DEL SISTEMAS\t\t\t\t\t\t\t\t\t\t<\/a>\n\t\t\t\t\t\t\t\t\t<\/div>\n\n\t\t\t\t\t\t\t\t\t<div id=\"collapse_1912966\" class=\"collapse    \" data-parent=\"#accordion\">\n                                        <ol type=\"1\"><li>Solicitud dirigida al GERENTE GENERAL de la Unidad Municipal de Agua Potable y Saneamiento (UMAPS). Este tr\u00e1mite debe de ser realizado por un ABOGADO seg\u00fan la Ley de Procedimiento Administrativo.<\/li><li>Carta Poder o Poder de Representaci\u00f3n en Escritura P\u00fablica.<\/li><li>Copia de DNI del representante de la sociedad mercantil encargada del proyecto.<\/li><li>Copia del carnet del Colegiaci\u00f3n del apoderado legal.<\/li><li>Borrador del Protocolo de Traspaso (por Notario) de los sistemas Agua Potable y\/o Alcantarillado Sanitario y servidumbres a t\u00edtulo gratuito y a perpetuidad a favor de la AMDC.<\/li><li>Descripci\u00f3n del terreno urbanizado con su antecedente, valor real de los sistemas construidos, acompa\u00f1ado de los dict\u00e1menes de aprobaci\u00f3n de proyectos emitidos por UMAPS y por la Municipalidad del Distrito Central.<\/li><li>Detalle de la fianza de garant\u00eda de mantenimiento y calidad de obra autorizada a favor de la UMAPS, indicando el n\u00famero, valor, nombre de la compa\u00f1\u00eda aseguradora que la emite, periodo de vigencia.<\/li><li>Traspaso de los sistemas Agua Potable y\/o Alcantarillado Sanitario y servidumbres a t\u00edtulo gratuito y a perpetuidad a favor de la AMDC.<\/li><li>Escrituras de las servidumbres y terrenos adquiridos para obras fuera de sitio y que forman parte integral del proyecto.<\/li><li>Constancia de cumplimiento de los compromisos contra\u00eddos con UMAPS.<\/li><li>Pago de L. 200.00 para Certificaci\u00f3n al momento de la Resoluci\u00f3n.<\/li><\/ol><p>\u00a0<\/p><b>NOTAS<\/b><ol><li>- TODA COPIA DEBE DE SER DEBIDAMENTE AUTENICA POR NOTARIO O PRESENTAR SUS ORIGINALES PARA SER COTEJADOS.<\/li><li><b>Revisar REGLAMENTO PARA REGULAR EL USO DE LOS SISTEMAS DE AGUA POTABLE, ALCANTARILLADO SANITARIO Y PLUVIAL, PARA URBANIZACIONES, FRACCIONAMIENTOS Y EDIFICIOS EN EL DISTRITO CENTRAL<\/b><\/li><\/ol>\t\t\t\t\t\t\t\t\t\t\n\t\t\t\t\t\t\t\t\t<\/div>\n\t\t\t\t\t\t\t\t<\/div> <!-- card -->\t\n\t\t\t\t\t\t\t\t\t\t\t\t\t\t\t<div class=\"card card-2  \">\n\t\t\t\t\t\t\t\t\t<div class=\"card-header witr_ac_card\">\n\t\t\t\t\t\t\t\t\t\t<a href=\"#\" class=\"card-link witr_ac_style\" data-toggle=\"collapse\" data-target=\"#collapse_681ba2b\" aria-expanded=\"true\">\n\t\t\t\t\t\t\t\t\t\t\t\t<!-- icon -->\n\t\t\t\t\t\t\t\t\t\t\t\t<i aria-hidden=\"true\" class=\"fas fa-check\"><\/i>\t\t\t\t\t\n\t\t\t\t\t\t\t\t\t\t\t\t<!-- end icon -->\n\t\t\t\t\t\t\t\t\t\t   REQUISITOS NUEVOS SERVICIO\t\t\t\t\t\t\t\t\t\t<\/a>\n\t\t\t\t\t\t\t\t\t<\/div>\n\n\t\t\t\t\t\t\t\t\t<div id=\"collapse_681ba2b\" class=\"collapse    \" data-parent=\"#accordion\">\n                                        <ol type=\"1\"><li>Copia de escritura Legible(con sus respectivas sellos de la IP, en caso de tener hipoteca deber\u00e1 presentar constancia del banco y protocolo inscrito en la IP).<\/li><li>Copia tarjeta de Identidad (DNI).<\/li><li>Estado de cuenta bienes e inmuebles AMDC.<\/li><li>Croquis de ubicaci\u00f3n del inmueble.<\/li><li>Copia de recibo de agua del vecino de la misma cuadra<\/li><li>Copia de permiso de construcci\u00f3n.<\/li><li>Copia de identidad de la persona que realiza el tr\u00e1mite, (en caso de no ser el propietario quien realiza el tr\u00e1mite deber\u00e1 presentar carta poder debidamente autenticada por el notario**).<\/li><li>de ser varios due\u00f1os de la propiedad se deber\u00e1 presentar copia DNI de los due\u00f1os Y autorizaci\u00f3n de los propietarios a favor de la persona que quedar\u00e1 registrada en la cuenta-. s\u00ed es empresa ver Anexo A. **.fundamentado en art. 22 del c\u00f3digo de notariado; art. 56 de la ley de Procedimiento.<\/li><\/ol>\t\t\t\t\t\t\t\t\t\t\n\t\t\t\t\t\t\t\t\t<\/div>\n\t\t\t\t\t\t\t\t<\/div> <!-- card -->\t\n\t\t\t\t\t\t\t                        <\/div>\n                    <\/div> <!-- faq part -->\t\t\n                <\/div> \t\t\n\t\t\t\t\t\t<\/div>\n\t\t\t\t<\/div>\n\t\t\t\t\t<\/div>\n\t\t\t\t<\/div>\n\t\t\t\t<\/div>\n\t\t","protected":false},"excerpt":{"rendered":"<p>UMAPS SECRETARIA GENERAL Para m\u00e1s Informaci\u00f3n Tel: 2227-7670 secretariaumaps@gmail.com DOCUMENTACION REQUERIDA EN LA SOLICITUD DE RECEPCION DE OBRAS Y SISTEMAS Solicitud dirigida al GERENTE GENERAL de la unidad municipal de agua potable y saneamiento (UMAPS) .Este tramite debe de ser realizado por un ABOGADO seg\u00fan la ley de procedimiento administrativo. Carta poder o poder de [&hellip;]<\/p>\n","protected":false},"author":1,"featured_media":0,"parent":0,"menu_order":0,"comment_status":"closed","ping_status":"closed","template":"","meta":{"footnotes":""},"class_list":["post-20298","page","type-page","status-publish","hentry"],"_links":{"self":[{"href":"https:\/\/www2.umaps.hn\/index.php?rest_route=\/wp\/v2\/pages\/20298","targetHints":{"allow":["GET"]}}],"collection":[{"href":"https:\/\/www2.umaps.hn\/index.php?rest_route=\/wp\/v2\/pages"}],"about":[{"href":"https:\/\/www2.umaps.hn\/index.php?rest_route=\/wp\/v2\/types\/page"}],"author":[{"embeddable":true,"href":"https:\/\/www2.umaps.hn\/index.php?rest_route=\/wp\/v2\/users\/1"}],"replies":[{"embeddable":true,"href":"https:\/\/www2.umaps.hn\/index.php?rest_route=%2Fwp%2Fv2%2Fcomments&post=20298"}],"version-history":[{"count":4,"href":"https:\/\/www2.umaps.hn\/index.php?rest_route=\/wp\/v2\/pages\/20298\/revisions"}],"predecessor-version":[{"id":20302,"href":"https:\/\/www2.umaps.hn\/index.php?rest_route=\/wp\/v2\/pages\/20298\/revisions\/20302"}],"wp:attachment":[{"href":"https:\/\/www2.umaps.hn\/index.php?rest_route=%2Fwp%2Fv2%2Fmedia&parent=20298"}],"curies":[{"name":"wp","href":"https:\/\/api.w.org\/{rel}","templated":true}]}}